 is the units digit of h?
4
Let r(t) = 12*t + 2. Let c(a) = a. Let y(x) = 4*c(x) - r(x). Let l be y(2). Let u = -9 - l. What is the units digit of u?
9
Suppose -5*i + 8 = -7. Let a = 2 + i. Suppose 5*o - 10 = a. What is the units digit of o?
3
Let s = -2 + 6. Let p(l) = -2*l + 2. Let i be p(1). Suppose i = -f - s*f + 35. What is the units digit of f?
7
Let b(l) = 1 + 6*l + 0*l**2 + 0*l**2 + 6*l**2 - 4*l**2. What is the units digit of b(-5)?
1
Let t(u) = u**2 - 7. Let f be t(6). Suppose 9*w = 10*w - f. What is the units digit of w?
9
Let z be ((-57)/(-1 - 2))/(-1). Let a = z + 32. Suppose 0*d + a = d. What is the units digit of d?
3
Let g be 4 + (3 - (-20)/(-4)). Suppose -g*k - 6 + 1 = -f, 2*f = -k. What is the units digit of f?
1
Suppose 2*h - 2*z - 76 = 0, 134 = 2*h + 2*h + 2*z. What is the tens digit of h?
3
What is the tens digit of (-8)/(-16)*(1 + 25)?
1
Let y(x) = -2*x - 3. Let p be y(-4). Suppose -3*m = 6, 2 + 0 = p*k - m. Suppose 0 = -4*q - 0*q - 4*z, -3*q - 5*z - 4 = k. What is the units digit of q?
2
Let c = 8 - 5. Suppose -2*j - 16 = -c*j. What is the units digit of j?
6
Let j(t) = t**3 - 5*t**2 - 4*t - 3. Let k be j(6). Suppose -4*g - 3*c - 3 = -g, 2*g - 5*c + k = 0. What is the units digit of 96/(-18)*3/g?
8
What is the units digit of 38/3*(-24)/(-16)?
9
Suppose -37 = -5*q - 5*p + 3, 4*p = q + 12. What is the units digit of q?
4
Suppose 0 = -2*k - 2*j - 8, 0*k - 4*j + 2 = -2*k. Let n(m) = -m**3 - 2*m**2 + 3. What is the tens digit of n(k)?
1
Let b(z) = 16*z - 12. Let f(k) = 8*k - 6. Let y(m) = -6*b(m) + 11*f(m). Let d be y(-5). Let h = d - 33. What is the units digit of h?
3
Let s(q) = -q**3 - 3*q**2 - q - 1. Let n be s(-3). Suppose -4*u + n*r = -0*r - 4, 5*u = -4*r + 31. What is the units digit of 1 - (-2 + u/(-3))?
4
Let k(n) = n**2 + 4*n + 5. Let b be k(-4). Suppose -3 = -l - 2, -x + 16 = b*l. What is the units digit of x?
1
What is the units digit of 2/(-4) - (-549)/18?
0
Let n = -3 - -44. What is the units digit of n?
1
Suppose 4*u + 135 = 335. Let r = -29 + u. What is the tens digit of r?
2
Let m = 227 + -95. What is the tens digit of m?
3
Let j be (-4)/3*(-3)/2. Let d be 9/6 + 15/(-6). Let p = j + d. What is the units digit of p?
1
Suppose 0 + 4 = 2*w. Suppose 0*z + 5*h = -3*z - 37, -h = -w*z - 16. What is the units digit of 33*(z/3)/(-9)?
1
Suppose 0 = 8*r - 443 - 261. What is the tens digit of r?
8
Suppose x + 3*x = 256. What is the tens digit of x?
6
Let i(g) = -19*g**3 - g**2 + 1. What is the units digit of i(-1)?
9
Suppose -2*w + 97 = -23. What is the tens digit of w?
6
Suppose 0 = 5*x - 0*x - 15. What is the units digit of x/3*0 + 1?
1
Suppose 0 = 3*m + 40 - 55. What is the units digit of m?
5
Let z = 4 - 0. Suppose -z*o - 30 = o. What is the units digit of o/10 - (-28)/5?
5
Let y(b) = 2 + b**2 - 5 + 3*b + 3*b. Let r be y(-7). Suppose 26 = 3*u + 2*x, -2*u + 1 = -r*x - 11. What is the units digit of u?
8
Suppose -9*h + 14*h - 100 = 0. What is the tens digit of h?
2
Suppose 139 = 5*m + 3*t, 5*t - 10*t + 77 = 3*m. What is the units digit of m?
9
Suppose 0*g - 4*g = -36. Let f be 12*3/((-9)/(-4)). Suppose -g - f = -5*w. What is the units digit of w?
5
Let h(d) = 2*d**2 + 0*d**2 - d**2 + 5 - 10 - d. What is the units digit of h(-4)?
5
Let t be (-5 + -1)*16/(-6). Suppose -4*z + 12 + t = 0. Suppose 3*d + 2*g = 43, -d = 2*g - z*g - 3. What is the tens digit of d?
1
Suppose -5*k + 3 = -7. What is the units digit of k?
2
Let s = 149 + -86. What is the units digit of s?
3
Let b = 26 + 95. What is the units digit of b?
1
Suppose 0 = r + 4*r + k - 35, -5*k + 21 = 3*r. Suppose 4*l + 5*t - 15 = 0, 2*l + 2*t - 3 = 5. Let w = r - l. What is the units digit of w?
2
Suppose -78 = -d + 4*x, x - 96 = -d - 4*x. Suppose -15*y + 17*y - d = 0. What is the units digit of y?
3
Let w be 2*(1 + 0) + -2. Let x(g) = 2*g**2 + 5*g - 7. Let b(l) = -l**2 - 3*l + 4. Let u(n) = -5*b(n) - 3*x(n). What is the units digit of u(w)?
1
Let u(y) = 10*y - 32. What is the units digit of u(10)?
8
Let d = -99 - -143. What is the units digit of d?
4
Suppose -f - 3*g = -4*f + 357, -4*g = -5*f + 598. What is the hundreds digit of f?
1
Let r = 7 + -15. Let m = r + 14. What is the units digit of m?
6
Let v = -5 + 9. Suppose 5*f - 2*f + 69 = 3*w, -v*w = 4*f - 92. What is the units digit of w?
3
Let j(d) be the third derivative of d**5/60 + d**4/12 - d**2. What is the units digit of j(-4)?
8
Let x(b) be the first derivative of -b**2/2 - 10*b + 2. What is the units digit of x(-11)?
1
What is the units digit of ((-14)/(-3) - 4)*57?
8
Suppose -m + 3*c = -88, 102 = m - 4*c + 18. What is the tens digit of m?
0
Suppose 5*z - 2*z - r = 5, -5*r - 5 = -5*z. Suppose -21 = -h - z*h. Let v = h + -4. What is the units digit of v?
3
Let z(j) = j + 3. Let v be z(-3). Suppose v = -b - b + 28. What is the units digit of b?
4
Let w be -13 - (-3 + 0 - -5). Let t = w + 22. What is the units digit of t?
7
What is the units digit of ((-156)/24)/(1/(-2))?
3
Suppose 4*n - 3*k - 1 - 19 = 0, -3*n - 3*k = -36. Let i(t) = t**2 - n*t - 3*t - t + 3 + 4*t. What is the tens digit of i(9)?
1
Let w(f) = -f**2 - 5*f - 3. Let z be w(-4). What is the units digit of z/4 + (-108)/(-16)?
7
Suppose 3*y = -5*k + 54, 0*k + 4*y = -k + 21. What is the units digit of k?
9
Suppose -2*x + 5*s = -7*x + 10, 3*s - 3 = 0. Let c(v) = 3*v**2 + 2*v - 1. What is the units digit of c(x)?
4
Suppose -6*x = -x + 15. What is the units digit of ((-9)/x)/3*7?
7
Suppose r = 2*r - 4, -3*d + 5*r - 17 = 0. What is the units digit of d?
1
Let q(h) = 174*h**2 + 2*h. What is the tens digit of q(-1)?
7
Suppose -3*r + 7 = k, -8 = -10*r + 5*r + 2*k. Suppose -14 = -b + r*l, 4*b = b + l + 22. What is the units digit of b?
6
What is the units digit of 6/(-4)*(-4)/6?
1
Let v be (1 - 2 - 0)/(-1). Let f be (1 - 0)*(v - -2). Suppose -f*o - 1 = -10. What is the units digit of o?
3
Let n(y) be the first derivative of -y**2 - 4*y + 2. Let g be n(-5). Suppose -2*c + 4 = -g. What is the units digit of c?
5
Suppose 876 = -5*x + 11*x. What is the units digit of x?
6
Let h(w) = -w**3 + 8*w**2 - 8*w - 1. What is the tens digit of h(6)?
2
Suppose -3*h + 4*g - 24 = h, g + 4 = -4*h. What is the units digit of 0/(-1) - (-5 + h)?
7
Suppose -1 = -f + k + 3, 3*k - 16 = -f. Suppose -69 = 4*o - f*o. What is the tens digit of o?
2
Let h(q) = -q**2 + q + 21. Let p(k) = -k**2. Let t(b) = h(b) - 2*p(b). What is the units digit of t(0)?
1
Suppose -4 + 29 = 5*r. Suppose -r*i = -5*s + 10, -2*i - 2*i - 17 = -s. What is the tens digit of 15*1 - (-2 - i)?
1
Suppose -5*i = -h - 7*i + 258, 0 = -2*h + 2*i + 498. What is the units digit of h?
2
Suppose -3*n = -2*q - 3*q + 569, 2*q = -4*n + 212. What is the hundreds digit of q?
1
Let f be 4 - 5 - 1*16. Let b = f - -28. What is the tens digit of b?
1
Let r = 746 + -442. What is the tens digit of r?
0
Let c(z) = -z**3 - 10*z**2 - 2*z - 4. Let b be c(-10). Let s be b/12*(-6)/(-4). Suppose 0 = 5*a - 3*u - 47, -s*a + 4*u + 18 = -12. What is the units digit of a?
7
Let u(w) be the first derivative of -7/2*w**2 - 3 + w. What is the units digit of u(-1)?
8
Let d = 87 + 60. What is the tens digit of d?
4
Suppose 5*j + 69 = -2*t, 2*j + t + 16 = 6*t. What is the tens digit of ((-6)/(-6))/((-1)/j)?
1
Let q(r) = 3*r + 3. Let f(d) = d**2 + 7*d + 9. Let t be f(-6). Let m be q(t). Suppose -3*s + m = -6. What is the units digit of s?
6
Let a(x) = -2*x. Let m be (0 + 5)*(-12)/(-5). Let j be a(m). Let h = j - -37. What is the tens digit of h?
1
What is the units digit of (-952)/(-24) - (-4)/(-6)?
9
Suppose 0 = z - w - 230, -3 = w - 8. What is the units digit of z?
5
Let n = -19 + 37. Suppose -n + 47 = m. What is the tens digit of m?
2
Let k = -7 - -9. What is the units digit of k?
2
Let v(w) = w**3 - 7*w**2 - 8*w. Let p be v(8). Let f = p - -30. Suppose 6*a - f = a. What is the units digit of a?
6
Let a(o) = -o**3 - 13*o**2 + 10*o - 20. Let w be a(-14). Let u = w + -6. What is the tens digit of u?
3
Let u(h) = h**2 - 5*h - 4. Let b be u(5). What is the units digit of (b/4)/(3/(-81))?
7
Suppose d - 1 = 0, -d + 174 = 4*i - 3*d. What is the tens digit of i?
4
Suppose 8*q - 4862 = -1894. What is the tens digit of q?
7
Suppose -1 = -3*y + 5. Let k be 1/((-14)/(-6) + -2). Suppose y*s + 9 = -s + 4*u, -4 = 5*s - k*u. What is the units digit of s?
1
Let t 